) be the first derivative of j**4/4 - 5*j**3/3 + 2*j**2 + 2*j + 28. Give k(4).
2
Let i(c) = -5*c**2 - c. Let o = 5 - 12. Let t(s) be the second derivative of 3*s**4/4 + s**3/2 - 5*s. Let l(b) = o*i(b) - 4*t(b). Calculate l(-4).
4
Let k(m) be the first derivative of m**4/4 + 4*m + 14. Let v = -3 + 3. Calculate k(v).
4
Let l(c) = c**2 - 4*c - 1. Let z be l(5). Suppose 5*y = 2*n - 31, -z*n - 13 = 4*y + y. Let k(s) = -s**3 + 2*s**2 + 3*s. Calculate k(n).
0
Suppose 10 - 2 = -4*b - 4*i, 5*b + 4*i + 5 = 0. Let z(d) = 2*d - 4*d**2 + 3 - 2 - 1 + d**3. What is z(b)?
-3
Let k(r) = 9*r + 4. Let j be 1*-1*(-7 - -6 - -4). Give k(j).
-23
Suppose 3 + 7 = 2*j. Let y(n) = 5*n - 5 + j - n**3 - 4*n**2. Let w(v) = 2*v + 11. Let a be w(-8). What is y(a)?
0
Let b(g) = 4*g**2 - 2 + 12*g + 2*g**2 - 5 - 8*g + g**3. Let y = -1 - 4. What is b(y)?
-2
Let z(j) = -6*j**3 + j**2 - j - 1. Let h = 9 + -10. Give z(h).
7
Suppose 4*g + 2*q = -24, 5*q + 21 - 6 = -g. Let l(y) = y**2 + 7*y + 7. Determine l(g).
-3
Let q(i) = 0 + 2*i - 8 + 4 + 0*i. Give q(4).
4
Suppose 0 = -o + 4*p + 1, -3*o + p = 4*p - 3. Let a(f) = f + 0*f - o + 2. Determine a(1).
2
Let c(f) = f - 5. Let o be (0 + 21)*(-4)/(-12). Let x = o + -2. Suppose x - 21 = -4*n. Determine c(n).
-1
Let o(i) be the third derivative of i**4/12 + 5*i**3/3 - 10*i**2. What is o(-8)?
-6
Let t(c) = 6 + 3*c + 2*c**2 + 2*c**2 - 2 + c**3. Let j(p) = -p**2 + 7*p - 7. Let s be j(6). Let n(l) = 5*l**3 + 2*l**2 + 2*l + 1. Let m be n(s). Give t(m).
-8
Let r = 284 + -283. Let y be (-2)/8 - 15/(-12). Let b(p) = -5*p**2 + p - 6*p**2 - y + 4*p**2. What is b(r)?
-7
Let f(l) be the second derivative of l**8/6720 - l**7/504 - l**6/720 + 7*l**5/120 - l**4/6 + 2*l. Let k(m) be the third derivative of f(m). Calculate k(5).
2
Let q(m) be the second derivative of -5/2*m**2 + 0 + 7*m + 1/6*m**3. Determine q(6).
1
Let u(m) be the first derivative of 7 - 1/2*m**2 + 1/4*m**4 - m**3 - 5*m. Give u(4).
7
Let x(s) = s**3 + 6*s**2 + 5*s. Let l be x(-4). Let b be l/15 + (-1)/(-5). Let m = -1 + b. Let t(c) = -c**3 + c**2 - c + 3. Calculate t(m).
3
Let i(t) = -2*t + 0*t + 7 + t - 11. Determine i(-4).
0
Let c be (3/(-2))/((-3)/4). Let i(u) be the second derivative of u**5/10 - u**4/4 + u**2 + 27*u. Give i(c).
6
Let u(b) be the first derivative of b**2/2 - 6*b + 25. Determine u(0).
-6
Let r(s) = 3*s**3 - 9*s**2 + s + 8. Let c(w) = 5*w**3 - 17*w**2 + 2*w + 15. Let n(y) = -4*c(y) + 7*r(y). Suppose 7*j = 2*j. Let q = -5 - j. What is n(q)?
1
Let v(w) = -2*w**3 - 1. Suppose 31*s - 32*s = 1. Determine v(s).
1
Let m = 3 - 0. Let z = -3 + m. Let s = -1 - z. Let h(q) = -10*q**3 - q**2 - q - 1. Give h(s).
9
Let v(h) = 3*h**2 + 11*h - 5. Let o(x) = 2*x**2 + 10*x - 4. Let f(q) = 5*o(q) - 4*v(q). What is f(4)?
-8
Let g = -7 - -10. Let o(x) = g*x**3 + x - 2*x - 2 - 4*x**3 - x**2. Determine o(-2).
4
Let j be (1 - 0) + 2 + -2. Let m(d) = -2*d - d + 4 - j. What is m(2)?
-3
Let b(p) = 4*p - 6. Let g = -122 - -126. Give b(g).
10
Let b(g) be the first derivative of -g**3/3 - g - 7. What is b(-2)?
-5
Let l(m) = -m**2 - 9*m - 11. Let w = -9 - -1. Calculate l(w).
-3
Let i(h) = h**3 - 9*h**2 + 5*h - 5. Let p(m) = m**3 - 8*m**2 + 4*m - 5. Let n(c) = 4*i(c) - 5*p(c). Give n(4).
5
Let y(k) = -k**2 - 3*k + 3. Let x be (-16)/20*(-15)/6 - -1. Give y(x).
-15
Let w = -3 - 1. Let d(h) be the third derivative of -h**6/120 - h**5/10 - 5*h**4/24 + h**3/6 + 2*h**2. Calculate d(w).
-11
Let r = -141 - -140. Let b(m) be the first derivative of 2*m**2 + m + 1. Calculate b(r).
-3
Suppose -4*r + 2 = -3*r. Let p be 5/3 + r/6. Let o(y) = 5*y**2 - 2*y**3 - p*y**3 + 4 + 2*y + 3*y**3 + 4*y. Determine o(6).
4
Suppose 5*b - 35 = -4*v, -3*b - b + 4*v - 8 = 0. Let u(d) = -d - b*d**2 - 3*d + 2*d - d**3. Give u(-2).
0
Suppose -4*g - 12 = -0. Let a(p) = -p**3 - 2*p**2 + 2*p + 1. Give a(g).
4
Let v(s) = 4*s + 5 - 3 - 3 + s. Suppose 0 = 5*d - 3*x - 4, 5*d + 0*x = -3*x - 14. What is v(d)?
-6
Let w(x) = x**3 + 6*x**2 - 7*x + 5. Let u be w(-7). Suppose 0 = -2*h - 5*j - 4 - 6, -u*j - 20 = 0. Let d(r) = -r + 5. Determine d(h).
0
Let b(y) = 4*y**3 + 4*y**2 + 7*y - 2. Let p(c) be the first derivative of -c**4/4 - c**2/2 + c + 2. Let l(r) = b(r) + 3*p(r). Calculate l(-3).
-2
Let a(b) = 10*b - 1. Suppose 1 = 3*j - 4*j + 4*p, -j = 3*p + 8. Let g(s) = s + 6. Let l be g(j). What is a(l)?
9
Let i(a) = -a - 16. Let r be 3/(-12)*(-3 - (-3)/1). Calculate i(r).
-16
Let y = 297 - 299. Let g(d) be the third derivative of -d**4/8 - 7*d**3/6 + d**2. Let x(b) = -b - 4. Let u(r) = -3*g(r) + 5*x(r). Determine u(y).
-7
Suppose 4*c - 2*c = 0. Suppose 40 = 4*y + 4*u - c*u, 0 = 2*y + u - 18. Suppose -5*q - 2 = y. Let t(x) = -5*x - 2. What is t(q)?
8
Let q be (9/(-3))/(-3)*3. Suppose 5 = -u + q. Let b(s) = s**2 + 2*s + 3. Calculate b(u).
3
Let s(c) = -31*c**2 - 5 + c**3 + 26*c**2 + 2*c + 0*c**3. Calculate s(5).
5
Let m(j) = -12*j - 2*j + 11*j - 14*j. What is m(1)?
-17
Suppose t + 10 = -t. Let p be (-18)/15*t/2. Let o(z) = 0 - 4*z**2 - 2 - 2 - z**p. Determine o(-4).
-4
Let b(w) = w**2 + 3*w + 9. Let s(u) = -u**2 - 2*u - 9. Let g(c) = 2*b(c) + 3*s(c). Let k = -30 - -30. What is g(k)?
-9
Let t(b) = -b + 1. Let l(o) = 3*o - 4. Let f(s) = l(s) + 4*t(s). Calculate f(-4).
4
Let s(l) = -5*l**2 - 29*l - 24*l + 4*l**2 + 56*l - 3. Give s(2).
-1
Let o(r) = -7*r - 3. Let l be (-4)/(-28) + 45/(-21). Calculate o(l).
11
Let z(u) = -u**3 + 2*u**2 + 3*u + 4. Let p = -191 - -439. Let h be 4/22 - p/(-88). Give z(h).
4
Let r(k) be the first derivative of -k**4/4 - k**3 + 3*k**2/2 + 3*k - 7. Determine r(-3).
-6
Let d(w) = -3*w**3 - 9*w**2 - 5*w + 9. Let q(l) = -l**3 - 4*l**2 - 2*l + 4. Let u(i) = -2*d(i) + 5*q(i). Let t = 4 + -1. Calculate u(t).
11
Let o(t) = -7*t**2 + 1. Let y(g) = -g**3 + 2*g**2 + 2*g - 3. Let s be y(2). Calculate o(s).
-6
Suppose -11*v + 14*v = -3. Let x(l) = -7*l - 1. Determine x(v).
6
Let l(b) = b - 1. Let y be l(4). Let w(u) = -5*u**2 - 8*u - 7. Let h(s) = -2*s**2 - 4*s - 3. Let v(a) = -7*h(a) + 3*w(a). Calculate v(y).
3
Let h(w) = -w - 7. Let y be h(-3). Let a(l) = -l - 3. What is a(y)?
1
Let q(f) = f**2 - 5*f - 3. Let d be q(6). Let r(p) = -8 - 3*p - 2*p**2 + 7*p**2 + 2 - 4*p + p**d. Determine r(-6).
0
Let o be 5/(-1) - 2*-1. Let d = -3 - -4. Let g(z) = 1. Let t(n) = -n - 5. Let i(l) = d*t(l) - g(l). What is i(o)?
-3
Let a = 34 + -27. Let j(d) = d**3 - 7*d**2 - 4. Give j(a).
-4
Let f(i) = -3*i - 9. Let h(r) = -2*r - 5. Let b(p) = 6*f(p) - 11*h(p). Give b(1).
5
Let c(p) = 1 - 2 + 2 + 5 - 3*p. Give c(5).
-9
Suppose -5*l + 1 = 11. Let y(m) = 4*m**2 - m - 2. What is y(l)?
16
Let q(v) = 0*v - 4*v - 5 + 2*v. Let b be (7/28)/(2/16). Suppose b*c + 0*c = -8. Give q(c).
3
Let s(p) = -p - 3. Suppose 4*f - 28 = -5*w, 3*w - 4*f = 28 + 8. Let i be (-2 - (-10)/w)*4. What is s(i)?
0
Let z be (-2)/8 - (-30)/24. Let d = -1 + z. Let q(j) be the second derivative of j**3/6 + 5*j**2/2 + j. What is q(d)?
5
Let g = -149 - -149. Let v(q) be the first derivative of g*q + 2 - 1/2*q**2. Determine v(1).
-1
Let k = -26339/60 + 439. Let w(o) be the third derivative of -k*o**5 + 5/24*o**4 + 2*o**2 - 1/2*o**3 + 0*o + 0. Calculate w(4).
1
Let i(g) = -1 - g - 2*g + 0*g + 0*g. What is i(4)?
-13
Let a be 1 + -1 + -1 + 0. Let u be (-13)/(-4) - a/(-4). Let h(d) = 6 + d - 5*d + 4*d**2 - d**3 + 0*d**2 - 2. Determine h(u).
1
Let x(i) = 7*i**3 - 7*i + 4. Let f = -2 - 3. Let k(n) = 3*n**3 - 3*n + 2. Let z(p) = f*k(p) + 2*x(p). What is z(-2)?
4
Suppose -b = -2*b + 4*o - 2, 0 = 2*b + 2*o - 6. Let t = 0 - b. Let r(k) = -2*k + 1. Determine r(t).
5
Let g(b) = -b**3 - 10*b**2 - 3*b - 11. Let i(k) = 2*k**3 + 19*k**2 + 7*k + 21. Let u(s) = 5*g(s) + 3*i(s). Determine u(-6).
8
Let c(n) be the second derivative of n**3/6 - n**2 + 4*n. Give c(4).
2
Let f(c) = c - 4. Suppose -5*v = 3*q - 3, -3*v - 5 = -2*q - 3. What is f(v)?
-4
Let f(b) = 19. Let a(d) = d - 16. Let t(k) = 6*a(k) + 5*f(k). Let o(u) = u**3 + 5*u**2 + 3*u - 3. Let r be o(-4). Let j = 2 - r. What is t(j)?
5
Let d(w) be the first derivative of w**4/24 + 13*w**3/6 + 3*w**2 - 2. Let p(t) be the second derivative of d(t). Calculate p(-6).
7
Let n(q) be the third derivative of q**6/120 - q**5/30 - q**4/12 + q**3/6 + 2*q**2. What is n(2)?
-3
Let z = 2 + -1. Let l(i) be the second derivative of 0 + i - 1/6*i**3 - 1/2*i**2. Determine l(z).
-2
S